 6. Let m(k) = k + 7. Let f(q) = -6*g(q) - 5*m(q). Let j be f(5). What is the highest common divisor of v and j?
6
Let k(p) = 46*p**3 + p**2 + 8*p - 3. Let l be k(4). What is the highest common divisor of l and 49?
49
Suppose 0 = -3*p + v + 617 + 122, -2*p - 5*v = -504. What is the highest common divisor of 95 and p?
19
Suppose 4*z + 78 = -w - 2*w, 0 = -3*w + 3*z - 57. Let a be (w/(-10) - 1)*15. Let y be 3 + (-4)/10*135/(-18). What is the highest common factor of y and a?
6
Let r be (-2)/(4 + 78/(-19)). Suppose -4*b = -9 - r. Calculate the highest common factor of 35 and b.
7
Let i be ((-285)/6)/((-5)/6). Calculate the highest common divisor of i and 21.
3
Suppose 2*l + 2 = -8, 2*f + 4*l = -8. Let a be 26/f - 9/27. Suppose 2*q = 5*y - 0*y - 104, -a*y + 97 = 3*q. What is the greatest common factor of y and 22?
22
Suppose -1095 = -5*n + 5*h, 665 + 436 = 5*n + h. Calculate the highest common factor of n and 495.
55
Let p(w) = -3*w + 132. Let u be p(-7). What is the highest common factor of 17 and u?
17
Suppose 0 = -3*l - 3*u - 6, -l + 4*u + 25 = 7. Let b be 3/l - 114/(-4). Let x be ((-160)/b)/((-2)/6). What is the greatest common factor of 128 and x?
16
Let b(c) = c**2 - 17*c - 326. Let p be b(-29). What is the highest common factor of p and 63?
63
Let j = -163 + 102. Let y = j + 67. Calculate the greatest common divisor of y and 6.
6
Let p = 11 - 2. Suppose -40 = 5*l - 9*l. Let a = l - p. What is the greatest common divisor of 8 and a?
1
Let s be 9/3 + -2*2. Let v(n) = 15*n + 18. Let g(i) = -i**2 + i. Let u(w) = s*g(w) + v(w). Let k be u(-13). Calculate the highest common factor of k and 20.
5
Suppose 5*c - 3*t = 19 + 21, -20 = -2*c + 2*t. Suppose m = 5, 4*m + 260 = 5*r + m. What is the highest common factor of c and r?
5
Suppose 0 = s + 4*r - 64, -4*s - 4*r + 2*r + 326 = 0. Let w be (8/6)/((-2)/48). Let h be w/2*9/(-12). What is the highest common divisor of h and s?
12
Let c(b) = 6*b + 2. Let u be c(2). Suppose -5*s + s + 56 = 0. Let y be ((-7)/s)/((-1)/14). What is the highest common factor of u and y?
7
Let c be (-15)/(-12)*24/20*24. What is the greatest common divisor of 2556 and c?
36
Suppose 0 = -3*j + 46 + 41. Let b = -9 + j. Calculate the highest common divisor of 180 and b.
20
Suppose -9933 + 1733 = -4*d. What is the highest common factor of 82 and d?
82
Let y = 138 + -133. Suppose 4*q + 141 + 431 = 4*n, 0 = -y*q + 25. What is the highest common divisor of n and 37?
37
Let p = -59 - -29. Let g = -26 - p. Suppose 4*i + 2 = 2*t, -i = -g*t - 2*i + 13. What is the greatest common divisor of 12 and t?
3
Let c(d) = d**3 + 24*d**2 + 3*d + 97. Let y be c(-24). Let i = -83 - 219. Let w = -27 - i. Calculate the greatest common divisor of w and y.
25
Suppose -u = -2*u + 3. Suppose u*l - 5*l = 244. Let z = 221 + l. What is the highest common factor of z and 9?
9
Let g = -1200 - -1280. What is the greatest common factor of g and 3280?
80
Let m(h) = -4*h + 16. Let t be m(4). Suppose t = 5*f - 12 - 13. Calculate the highest common divisor of f and 5.
5
Let l = -1665 + 1714. Suppose 9 = 4*i - 19. Calculate the highest common factor of i and l.
7
Suppose -42*f = -15*f - 2079. Suppose h + q = -h + 19, 0 = -q - 3. Calculate the highest common divisor of h and f.
11
Let k be ((-160)/(-25))/4*605/2. Calculate the highest common divisor of 44 and k.
44
Suppose -3*m - 9 = -6*m. Suppose 0 = -3*v - m + 12. Suppose 4*q - 8*q + 60 = 0. Calculate the greatest common factor of v and q.
3
Let f = -330 + 414. Let b be 4/(-4) + 2 - -6. Calculate the highest common divisor of b and f.
7
Let z(u) = 1. Let n(l) = 13*l - 1. Let t(w) = n(w) + 2*z(w). Let f be t(3). What is the greatest common divisor of 30 and f?
10
Let y be 1506/(-9) + 4/(-6). Let k = y + 288. Suppose -30 = 5*r - 150. What is the highest common factor of r and k?
24
Let n be 65/15 + -4 - (-1114)/6. Calculate the greatest common divisor of n and 6.
6
Let d(s) = -12*s**2 - 4*s + 10. Let l be d(2). Let h = l + 94. Calculate the highest common factor of h and 120.
24
Suppose 13336 + 7217 = 51*k. Calculate the highest common factor of 13 and k.
13
Suppose 62*k = k + 2440. What is the greatest common factor of k and 1000?
40
Let d = 2 - -2. Suppose 3*k - 4*o = 374, d*k - 5*o = -k + 625. Suppose 0*x - 5*x + g = -95, 5*x - 105 = 3*g. Calculate the highest common divisor of k and x.
18
Suppose 0 = 10*f - 36 - 74. Calculate the highest common divisor of 99 and f.
11
Let t(x) = x**3 - 4*x**2 - 2*x - 2. Let d be 9 + 1 + -3 - 3. Let q be t(d). Let z be q/(-6)*(-12)/(-4). What is the greatest common divisor of 10 and z?
5
Let p(k) = 21*k**2 - 5*k + 6. Suppose 4*x + 3*s - 8 = 0, -3*x + 4 = -x + 3*s. Let o be p(x). What is the greatest common divisor of o and 20?
20
Suppose 291 = 5*u - 4*t - 131, 2*t = -6. What is the highest common factor of u and 2?
2
Suppose -152 = 10*z - 12*z. Calculate the highest common divisor of 19 and z.
19
Let i = 17 + -25. Let w = 7 + i. Let g be w/(4/(-15 + -1)). What is the greatest common divisor of g and 44?
4
Suppose -67 = -0*s - 2*s + 3*u, 4*u = -s + 61. Let j be (-12)/(-36) + s/3. Calculate the greatest common divisor of j and 2.
2
Suppose w + w = 5*m + 10, -m + 10 = 2*w. Suppose -2*o = -m*o - 150. Suppose 4*v + p = 83, 0 = -2*v - v - 5*p + o. What is the greatest common factor of v and 4?
4
Suppose -35 = 2*d + 3*d. Let i(c) = c**2 + 8*c + 4. Let k be i(d). Let w = -2 - k. Calculate the highest common factor of w and 1.
1
Let p = 111 - 101. Let t(v) = -v**3 + 14*v**2 - 6*v - 2. Let j be t(p). What is the highest common factor of j and 26?
26
Suppose 0*v - 3*v + 213 = -3*j, -327 = 5*j + 2*v. Let i = 11 + j. Let f = -24 - i. What is the highest common divisor of f and 32?
32
Let n = 638 + -518. Calculate the highest common factor of 48 and n.
24
Let g be (1 - 9)*4/(-2). Let o(m) = 87*m - 134. Let v be o(2). Calculate the highest common divisor of g and v.
8
Suppose 321 = -4*v + 2*y + 2777, 0 = -4*v + 3*y + 2460. Calculate the highest common divisor of 72 and v.
36
Let v be 8/8 - -2*1. Suppose v*h = 4*h - 45. Let z be h/10*(4 + -2). What is the greatest common divisor of 27 and z?
9
Let a(l) = -l**2 - 14*l + 27. Let u be a(-15). What is the greatest common divisor of 12 and u?
12
Suppose -5*j - 12 = -11*j. Calculate the highest common divisor of j and 62.
2
Let h = -36 - -41. Suppose y = 5*y - 60. Let i = y + 10. What is the greatest common factor of i and h?
5
Let s(w) = 54*w + 363. Let z be s(15). What is the highest common factor of 69 and z?
69
Let d(v) = 9 - 20*v - 2 + 1 + v**3 + 8*v**2 - 1. Let m be d(-10). What is the greatest common factor of m and 14?
7
Suppose 118 + 34 = 8*l. Suppose 0 = -3*x - 2*w + 6*w + 61, 3*x - 53 = -4*w. Calculate the greatest common divisor of l and x.
19
Let w(o) = 165*o. Let l be w(3). Let r = 19 - 16. Suppose r*c = -0*c + l. Calculate the greatest common factor of 15 and c.
15
Suppose -2*h - 5*c + 977 = 0, 2*c = -5*h - 17 + 2407. What is the highest common divisor of 612 and h?
68
Suppose 2*c - f + 5*f = 404, 2*c = 4*f + 404. Suppose 12*i + 34 = c. What is the highest common factor of 14 and i?
14
Let i(u) = -u**3 - 10*u**2 + 28*u + 70. Let n be i(-12). Calculate the highest common factor of n and 583.
11
Let r(j) = -j**3 + 13*j**2 + 5*j + 5. Let x be r(13). Let z = x + -50. What is the highest common factor of z and 70?
10
Let d = 36 + 4. Let b be (-1 - 1) + -1 - -1. Let a be (-13)/b - (-27)/(-18). What is the highest common factor of d and a?
5
Let b(t) = -9*t - 55. Let l be b(-7). What is the greatest common factor of l and 536?
8
Let i(m) = -6*m - 2. Let j(q) = -q**2 + 4*q - 2. Let t be j(4). Let a be i(t). Let c = -101 - -116. Calculate the greatest common divisor of c and a.
5
Suppose 4*h + 4*a = 64, 5*h - 4*a - 70 = a. Calculate the greatest common divisor of h and 165.
15
Let b(t) = -46*t + 852. Let x be b(18). Calculate the greatest common divisor of x and 3504.
24
Suppose 5*w + 14*p = 19*p + 1600, 0 = -3*p. Calculate the highest common divisor of w and 20.
20
Suppose 22 = p + 63. Let b = 63 + p. What is the highest common factor of 198 and b?
22
Let f(u) = -2*u**3 - 2*u**2 + 16*u + 32. Let h be f(-2). What is the highest common factor of 40 and h?
8
Let z(y) be the second derivative of -y**4/12 - 7*y**3/6 + 15*y**2/2 + 18*y. Let d be z(-